t is the units digit of 15459003?
3
What is the hundreds digit of 127545518?
5
What is the millions digit of 4902292?
4
What is the tens digit of 6979172621?
2
What is the hundred millions digit of 1792728247?
7
What is the ten millions digit of 63306518?
6
What is the tens digit of 783842669?
6
What is the units digit of 137790532?
2
What is the thousands digit of 74205449?
5
What is the hundreds digit of 62475486?
4
What is the hundred millions digit of 2508765059?
5
What is the hundreds digit of 53575407?
4
What is the ten millions digit of 87884126?
8
What is the millions digit of 436651458?
6
What is the ten thousands digit of 33307952?
0
What is the tens digit of 33606338?
3
What is the ten millions digit of 860072350?
6
What is the thousands digit of 253187301?
7
What is the hundreds digit of 81711248?
2
What is the millions digit of 990102704?
0
What is the ten millions digit of 260953814?
6
What is the hundred millions digit of 102393344?
1
What is the hundreds digit of 558447396?
3
What is the ten millions digit of 727705638?
2
What is the ten thousands digit of 133323085?
2
What is the hundred thousands digit of 517550170?
5
What is the units digit of 42527153?
3
What is the hundreds digit of 98930963?
9
What is the millions digit of 1543153840?
3
What is the hundred millions digit of 998872810?
9
What is the ten thousands digit of 531350267?
5
What is the hundreds digit of 1228945?
9
What is the billions digit of 1074376978?
1
What is the hundred millions digit of 2873440368?
8
What is the units digit of 28654109?
9
What is the ten millions digit of 540336288?
4
What is the millions digit of 58545110?
8
What is the hundreds digit of 76461207?
2
What is the units digit of 124235283?
3
What is the tens digit of 1149769640?
4
What is the hundreds digit of 1700262492?
4
What is the hundred thousands digit of 658707535?
7
What is the units digit of 2303825622?
2
What is the tens digit of 20233563?
6
What is the ten thousands digit of 4107003161?
0
What is the ten thousands digit of 29174318?
7
What is the units digit of 3540429?
9
What is the hundreds digit of 776761049?
0
What is the units digit of 207154381?
1
What is the units digit of 4235451567?
7
What is the thousands digit of 3089704280?
4
What is the units digit of 48779210?
0
What is the millions digit of 28572065?
8
What is the tens digit of 1811548?
4
What is the hundreds digit of 421379945?
9
What is the hundred thousands digit of 1246336265?
3
What is the units digit of 93097199?
9
What is the ten thousands digit of 108522676?
2
What is the hundreds digit of 2222823161?
1
What is the millions digit of 2077921587?
7
What is the hundred thousands digit of 6252171281?
1
What is the ten millions digit of 7905225787?
0
What is the hundred thousands digit of 627476420?
4
What is the ten millions digit of 98633414?
9
What is the millions digit of 146484900?
6
What is the units digit of 1321248926?
6
What is the hundred thousands digit of 86538585?
5
What is the units digit of 48034869?
9
What is the thousands digit of 503119103?
9
What is the ten millions digit of 5477440724?
7
What is the billions digit of 1380243627?
1
What is the units digit of 4524039?
9
What is the hundred thousands digit of 26369013?
3
What is the millions digit of 26878893?
6
What is the hundred millions digit of 370641665?
3
What is the hundred millions digit of 828388117?
8
What is the tens digit of 240719048?
4
What is the ten millions digit of 68191817?
6
What is the thousands digit of 36620243?
0
What is the ten thousands digit of 35257259?
5
What is the tens digit of 2828105988?
8
What is the tens digit of 55087376?
7
What is the hundreds digit of 570040713?
7
What is the hundred thousands digit of 24967448?
9
What is the ten thousands digit of 1189453414?
5
What is the millions digit of 66097517?
6
What is the ten millions digit of 4954962628?
5
What is the hundreds digit of 25475542?
5
What is the millions digit of 236238737?
6
What is the millions digit of 95200510?
5
What is the hundreds digit of 2490243601?
6
What is the thousands digit of 54672058?
2
What is the thousands digit of 1823589076?
9
What is the hundreds digit of 7071886433?
4
What is the thousands digit of 120349859?
9
What is the units digit of 283024244?
4
What is the ten millions digit of 669657051?
6
What is the ten millions digit of 47099302?
4
What is the tens digit of 35701096?
9
What is the hundred millions digit of 1024600822?
0
What is the ten thousands digit of 13880636?
8
What is the hundreds digit of 1356760422?
4
What is the hundreds digit of 296059724?
7
What is the units digit of 147107410?
0
What is the units digit of 2272684983?
3
What is the billions digit of 1730091175?
1
What is the hundred thousands digit of 2782196812?
1
What is the hundred millions digit of 7340705897?
3
What is the units digit of 1893784169?
9
What is the ten thousands digit of 1274434842?
3
What is the hundreds digit of 641397162?
1
What is the hundreds digit of 105357750?
7
What is the millions digit of 485764758?
5
What is the thousands digit of 342884751?
4
What is the thousands digit of 71850787?
0
What is the hundred millions digit of 2763681161?
7
What is the units digit of 146212308?
8
What is the ten millions digit of 2204222782?
0
What is the ten thousands digit of 4106583424?
8
What is the hundreds digit of 104554820?
8
What is the units digit of 218857540?
0
What is the units digit of 855619229?
9
What is the units digit of 21543359?
9
What is the thousands digit of 285681341?
1
What is the billions digit of 1202550200?
1
What is the units digit of 8874235?
5
What is the ten millions digit of 103222955?
0
What is the thousands digit of 121896746?
6
What is the thousands digit of 571145562?
5
What is the ten thousands digit of 545865344?
6
What is the hundred millions digit of 247272685?
2
What is the ten millions digit of 25838249?
2
What is the units digit of 4535948630?
0
What is the ten thousands digit of 49621100?
2
What is the billions digit of 1255843539?
1
What is the hundreds digit of 724883406?
4
What is the tens digit of 106118033?
3
What is the thousands digit of 9409929366?
9
What is the millions digit of 462717303?
2
What is the ten thousands digit of 2120916149?
1
What is the thousands digit of 3578998140?
8
What is the hundreds digit of 102882110?
1
What is the billions digit of 1584734744?
1
What is the ten millions digit of 2910369194?
1
What is the thousands digit of 142481712?
1
What is the thousands digit of 101017543?
7
What is the thousands digit of 39924319?
4
What is the tens digit of 75282122?
2
What is the units digit of 733129252?
2
What is the tens digit of 151027579?
7
What is the tens digit of 15885268?
6
What is the thousands digit of 70269799?
9
What is the thousands digit of 1565580142?
0
What is the hundred millions digit of 212850434?
2
What is the units digit of 3831286780?
0
What is the hundred millions digit of 313966830?
3
What is the ten millions digit of 46985681?
4
What is the millions digit of 26072127?
6
What is the thousands digit of 349676010?
6
What is the ten millions digit of 493478575?
9
What is the hundred millions digit of 144726248?
1
What is the billions digit of 3379809514?
3
What is the hundred thousands digit of 317369227?
3
What is the hundred thousands digit of 82516186?
5
What is the tens digit of 665167735?
3
What is the millions digit of 2760156355?
0
What is the billions digit of 1466143381?
1
What is the millions digit of 21132233?
1
What is the hundreds digit of 304806085?
0
What is the units digit of 72376462?
2
What is the hundreds digit of 1580133976?
9
What is the millions digit of 1906365241?
6
What is the tens digit of 1758228113?
1
What is the ten millions digit of 2778079988?
7
What is the ten thousands digit of 792325182?
2
What is the hundreds digit of 3265019?
0
What is the tens digit of 4638102?
0
What is the ten thousands digit of 580635041?
3
What is the ten thousands digit of 1073493891?
9
What is the ten thousands digit of 1103064951?
6
What is the ten millions digit of 23627660?
2
What is the tens digit of 965999361?
6
What is the ten thousands digit of 6832661859?
6
What is the hundreds digit of 1324575363?
3
What is the billions digit of 11154